st the prime factors of 2386.
2, 1193
What are the prime factors of 1208?
2, 151
What are the prime factors of 1080?
2, 3, 5
What are the prime factors of 1778?
2, 7, 127
What are the prime factors of 3940?
2, 5, 197
What are the prime factors of 4528?
2, 283
List the prime factors of 38854.
2, 19427
List the prime factors of 4411.
11, 401
List the prime factors of 3140.
2, 5, 157
What are the prime factors of 65720?
2, 5, 31, 53
List the prime factors of 6330.
2, 3, 5, 211
What are the prime factors of 213?
3, 71
List the prime factors of 5423.
11, 17, 29
What are the prime factors of 1575?
3, 5, 7
What are the prime factors of 1286?
2, 643
What are the prime factors of 3164?
2, 7, 113
What are the prime factors of 36128?
2, 1129
List the prime factors of 28.
2, 7
List the prime factors of 369.
3, 41
What are the prime factors of 63?
3, 7
List the prime factors of 7900.
2, 5, 79
List the prime factors of 57.
3, 19
What are the prime factors of 56690?
2, 5, 5669
What are the prime factors of 1444?
2, 19
List the prime factors of 11680.
2, 5, 73
List the prime factors of 4918.
2, 2459
What are the prime factors of 22744?
2, 2843
What are the prime factors of 2015?
5, 13, 31
List the prime factors of 15690.
2, 3, 5, 523
What are the prime factors of 421?
421
What are the prime factors of 12189?
3, 17, 239
List the prime factors of 59914.
2, 29, 1033
What are the prime factors of 2307?
3, 769
What are the prime factors of 12546?
2, 3, 17, 41
List the prime factors of 52506.
2, 3, 2917
What are the prime factors of 12524?
2, 31, 101
List the prime factors of 4930.
2, 5, 17, 29
What are the prime factors of 12062?
2, 37, 163
What are the prime factors of 525?
3, 5, 7
List the prime factors of 723.
3, 241
What are the prime factors of 9893?
13, 761
What are the prime factors of 708?
2, 3, 59
What are the prime factors of 4112?
2, 257
What are the prime factors of 3124?
2, 11, 71
What are the prime factors of 168?
2, 3, 7
List the prime factors of 4248.
2, 3, 59
What are the prime factors of 6965?
5, 7, 199
List the prime factors of 9874.
2, 4937
What are the prime factors of 1756?
2, 439
List the prime factors of 34800.
2, 3, 5, 29
What are the prime factors of 23631?
3, 7877
What are the prime factors of 4551?
3, 37, 41
List the prime factors of 107938.
2, 29, 1861
What are the prime factors of 7761?
3, 13, 199
List the prime factors of 1226.
2, 613
List the prime factors of 4888.
2, 13, 47
What are the prime factors of 9359?
7, 191
List the prime factors of 1164.
2, 3, 97
List the prime factors of 5625.
3, 5
List the prime factors of 5875.
5, 47
List the prime factors of 24742.
2, 89, 139
What are the prime factors of 974?
2, 487
List the prime factors of 104936.
2, 13, 1009
What are the prime factors of 2887?
2887
What are the prime factors of 1934?
2, 967
List the prime factors of 10517.
13, 809
List the prime factors of 21000.
2, 3, 5, 7
What are the prime factors of 14736?
2, 3, 307
List the prime factors of 16668.
2, 3, 463
List the prime factors of 11077.
11, 19, 53
What are the prime factors of 27407?
27407
List the prime factors of 2580.
2, 3, 5, 43
List the prime factors of 979.
11, 89
What are the prime factors of 31056?
2, 3, 647
List the prime factors of 1519.
7, 31
List the prime factors of 22142.
2, 11071
What are the prime factors of 855?
3, 5, 19
List the prime factors of 167672.
2, 20959
What are the prime factors of 48893?
13, 3761
What are the prime factors of 9833?
9833
List the prime factors of 498.
2, 3, 83
What are the prime factors of 24461?
61, 401
List the prime factors of 8966.
2, 4483
List the prime factors of 126046.
2, 19, 31, 107
List the prime factors of 3576.
2, 3, 149
What are the prime factors of 65603?
17, 227
List the prime factors of 4803.
3, 1601
List the prime factors of 537.
3, 179
What are the prime factors of 54099?
3, 6011
List the prime factors of 574.
2, 7, 41
What are the prime factors of 96756?
2, 3, 11, 733
List the prime factors of 25184.
2, 787
List the prime factors of 31627.
31627
List the prime factors of 986.
2, 17, 29
What are the prime factors of 15842?
2, 89
What are the prime factors of 510?
2, 3, 5, 17
What are the prime factors of 820?
2, 5, 41
What are the prime factors of 4674?
2, 3, 19, 41
What are the prime factors of 2132?
2, 13, 41
What are the prime factors of 12627?
3, 23, 61
List the prime factors of 8029.
7, 31, 37
What are the prime factors of 1815?
3, 5, 11
What are the prime factors of 119354?
2, 83, 719
What are the prime factors of 29679?
3, 13, 761
What are the prime factors of 12?
2, 3
List the prime factors of 16100.
2, 5, 7, 23
List the prime factors of 7902.
2, 3, 439
What are the prime factors of 11217?
3, 3739
What are the prime factors of 1160?
2, 5, 29
List the prime factors of 48199.
157, 307
What are the prime factors of 21485?
5, 4297
What are the prime factors of 752?
2, 47
What are the prime factors of 1881?
3, 11, 19
List the prime factors of 60714.
2, 3, 3373
List the prime factors of 79647.
3, 139, 191
List the prime factors of 4029.
3, 17, 79
List the prime factors of 21793.
19, 31, 37
What are the prime factors of 3729?
3, 11, 113
List the prime factors of 1347.
3, 449
What are the prime factors of 55338?
2, 3, 23, 401
List the prime factors of 2758.
2, 7, 197
What are the prime factors of 4091?
4091
What are the prime factors of 7509?
3, 2503
What are the prime factors of 4802?
2, 7
List the prime factors of 13350.
2, 3, 5, 89
What are the prime factors of 7217?
7, 1031
List the prime factors of 67395.
3, 5, 4493
List the prime factors of 39426.
2, 3, 6571
What are the prime factors of 2515?
5, 503
What are the prime factors of 12661?
11, 1151
What are the prime factors of 2045?
5, 409
List the prime factors of 4861.
4861
List the prime factors of 403.
13, 31
List the prime factors of 29.
29
What are the prime factors of 84633?
3, 28211
List the prime factors of 18114.
2, 3, 3019
What are the prime factors of 4553?
29, 157
List the prime factors of 67052.
2, 16763
List the prime factors of 11256.
2, 3, 7, 67
List the prime factors of 69562.
2, 34781
What are the prime factors of 2062?
2, 1031
List the prime factors of 45152.
2, 17, 83
What are the prime factors of 3108?
2, 3, 7, 37
List the prime factors of 17908.
2, 11, 37
List the prime factors of 10281.
3, 23, 149
List the prime factors of 1307.
1307
What are the prime factors of 97096?
2, 53, 229
What are the prime factors of 21472?
2, 11, 61
List the prime factors of 1128.
2, 3, 47
What are the prime factors of 22984?
2, 13, 17
What are the prime factors of 2506?
2, 7, 179
List the prime factors of 657.
3, 73
List the prime factors of 4929.
3, 31, 53
What are the prime factors of 27358?
2, 13679
List the prime factors of 18125.
5, 29
List the prime factors of 20765.
5, 4153
List the prime factors of 1949.
1949
What are the prime factors of 2681?
7, 383
List the prime factors of 17060.
2, 5, 853
List the prime factors of 1632.
2, 3, 17
What are the prime factors of 50296?
2, 6287
What are the prime factors of 573?
3, 191
List the prime factors of 842.
2, 421
What are the prime factors of 50239?
7, 7177
What are the prime factors of 28187?
71, 397
List the prime factors of 16206.
2, 3, 37, 73
List the prime factors of 1251.
3, 139
List the prime factors of 421.
421
What are the prime factors of 847?
7, 11
What are the prime factors of 221?
13, 17
What are the prime factors of 125577?
3, 4651
What are the prime factors of 15477?
3, 7, 11, 67
What are the prime factors of 30323?
30323
List the prime factors of 78613.
127, 619
List the prime factors of 563.
563
What are the prime factors of 5641?
5641
What are the prime factors of 10344?
2, 3, 431
What are the prime factors of 1675?
5, 67
What are the prime factors of 460?
2, 5, 23
What are the prime factors of 111030?
2, 3, 5, 3701
What are the prime factors of 8793?
3, 977
List the prime factors of 2559.
3, 853
What are the prime factors of 776?
2, 97
List the prime factors of 11399.
11399
What are the prime factors of 107412?
2, 3, 8951
List the prime factors of 20843.
19, 1097
List the prime factors of 27147.
3, 9049
List the prime factors of 633.
3, 211
List the prime factors of 1560.
2, 3, 5, 13
What are the prime factors of 14616?
2, 3, 7, 2